{"id":5317,"date":"2026-03-13T08:49:16","date_gmt":"2026-03-13T07:49:16","guid":{"rendered":"https:\/\/stami.no\/en\/publication\/proteiner-i-luft-ny-markor-for-luftbaren-eksponering-i-naeringsmiddelindustrien-luftbaren-eksponering-for-aerosoler-og-proteiner-i-norsk-naeringsmiddelindustri-og-undersokelse-av-aerosolens\/"},"modified":"2026-03-13T08:49:16","modified_gmt":"2026-03-13T07:49:16","slug":"proteiner-i-luft-ny-markor-for-luftbaren-eksponering-i-naeringsmiddelindustrien-luftbaren-eksponering-for-aerosoler-og-proteiner-i-norsk-naeringsmiddelindustri-og-undersokelse-av-aerosolens","status":"publish","type":"publication","link":"https:\/\/stami.no\/en\/publication\/proteiner-i-luft-ny-markor-for-luftbaren-eksponering-i-naeringsmiddelindustrien-luftbaren-eksponering-for-aerosoler-og-proteiner-i-norsk-naeringsmiddelindustri-og-undersokelse-av-aerosolens\/","title":{"rendered":"Proteiner i luft \u2013 Ny mark\u00f8r for luftb\u00e5ren eksponering i n\u00e6ringsmiddelindustrien? Luftb\u00e5ren eksponering for aerosoler og proteiner i norsk n\u00e6ringsmiddelindustri og unders\u00f8kelse av aerosolens inflammatoriske potensial i en cellemodell"},"template":"","research-area":[],"class_list":["post-5317","publication","type-publication","status-publish","hentry"],"acf":[],"_links":{"self":[{"href":"https:\/\/stami.no\/en\/wp-json\/wp\/v2\/publication\/5317","targetHints":{"allow":["GET"]}}],"collection":[{"href":"https:\/\/stami.no\/en\/wp-json\/wp\/v2\/publication"}],"about":[{"href":"https:\/\/stami.no\/en\/wp-json\/wp\/v2\/types\/publication"}],"wp:attachment":[{"href":"https:\/\/stami.no\/en\/wp-json\/wp\/v2\/media?parent=5317"}],"wp:term":[{"taxonomy":"research-area","embeddable":true,"href":"https:\/\/stami.no\/en\/wp-json\/wp\/v2\/research-area?post=5317"}],"curies":[{"name":"wp","href":"https:\/\/api.w.org\/{rel}","templated":true}]}}

Proteiner i luft – Ny markør for luftbåren eksponering i næringsmiddelindustrien? Luftbåren eksponering for aerosoler og proteiner i norsk næringsmiddelindustri og undersøkelse av aerosolens inflammatoriske potensial i en cellemodell
